 of v**4/4 - 4*v + 106. Calculate f(3).
23
Suppose 3*k + 60 = -81. Let s = -51 - k. Let z(l) = -l**3 - 4*l**2 + 4*l + 1. Determine z(s).
-15
Let n(i) be the second derivative of 1/6*i**3 - 1/2*i**2 - 8*i + 0. What is n(-3)?
-4
Let y(b) = 9*b - 70. Let q be y(7). Let w be 5 + q*(2 + -1). Let f(p) = -3*p + p**2 - 2*p**2 + p. Determine f(w).
0
Let r(j) = 25*j**2 - 9*j - 37. Let t(h) = -29*h**2 + 10*h + 40. Let s(w) = -7*r(w) - 6*t(w). What is s(5)?
9
Let z(k) = -5*k**3 + 15*k**2 + 9*k. Let v(n) = n**3 - 2*n**2 - n. Let y(o) = -6*v(o) - z(o). Determine y(-4).
28
Let o(u) = -u**3 + 6*u + 5 - 3 - 2*u**2 + 1 - 3*u**2. Give o(-6).
3
Let o = 21 - 16. Suppose -z + 4*z - 4*m = 0, -o*z = -m. Let j(v) = -v**3 + 5. Determine j(z).
5
Suppose 2*g + 3*i = -3, -21*g + i + 35 = -16*g. Let m(p) = -2*p - 8. Give m(g).
-20
Let x(l) = l**2 + 8*l + 5. Suppose 0 = -0*o + 2*o - 122. Suppose 5*r - o + 201 = 0. Let k be 160/r + 4/(-14). What is x(k)?
-7
Let r(l) = -l**3 - 5*l**2 + 8*l + 9. Let m(d) = -1. Let n(g) = -3*m(g) - r(g). Let k = 50 + -56. Determine n(k).
6
Let w(p) = 2*p**2 + 20*p + 54. Let m be w(-5). Let d(h) = -3*h**3 - 8*h**2 - 8*h + 3. Let g(b) = b**3 + b**2 + b - 1. Let y(q) = d(q) + 4*g(q). What is y(m)?
-17
Suppose 32 = -2*u + 40. Let y(o) = -5*o + 4. Determine y(u).
-16
Let i(h) = -h + 5. Let d be (-1 + 2)/((3 - 2) + -2). Let p be (d + 6/9)*(0 + -15). Calculate i(p).
0
Let r(w) = 3 - 4 + 2*w**2 - 1. Suppose 2*i + 0 - 12 = 0. Suppose -2*s = -b - 8, i = -b + s + 3. Give r(b).
6
Let x(h) = -h**2 - 6*h + 10. Let r be -15*(4 + (-64)/10). Suppose -l = -3*n + 16, 5*n = 3*l - 0*n + r. What is x(l)?
3
Let g(w) = 5*w + 5. Let a(n) = -n + 6. Let r(y) = -2*a(y) + 3*g(y). Calculate r(-1).
-14
Let x(p) = -5*p**2 - 6*p - 2. Let g = 79 + -81. Let r be x(g). Let b(w) = -w - 6. Determine b(r).
4
Let y(g) = -g**2 - 10*g + 3. Suppose 6 = -2*t, -6*t = 5*n - t. Let x(d) = -d**2 - 11*d + 4. Let f(p) = n*x(p) - 4*y(p). Calculate f(-6).
-6
Let p(a) = a**2 + a - 20. Suppose -3*q + 7*q - 12 = 2*c, -5*q = 3*c + 7. Let x be 0/q*3/(-4 + 1). Give p(x).
-20
Let g(j) = -32*j**2 + j + 7. Let h(u) = -19*u**2 + 4. Let l(b) = 6*g(b) - 10*h(b). Determine l(5).
-18
Let q(h) = h**3 - h**2 + 2*h - 3. Suppose 3*c + 0*n - 3*n = -3, 0 = 2*c + 5*n - 19. Suppose y + 4 = -c*v, -3*y - v + 3 = -0*v. What is q(y)?
5
Let j(a) = 2 + a + 5 - 1. Let b(r) = r**2 + 1. Let x be b(2). Suppose -6*q = -5*q + x. Determine j(q).
1
Let r be (-597)/(-18) - (-1 - 1)/(-12). Suppose -5*i + 3*v - r - 11 = 0, 0 = -v + 3. Let o(x) = 2*x - 10. Calculate o(i).
-24
Suppose -5*p - 43 = 5*i - 7*p, -2*i - 21 = 3*p. Let q(r) = r**3 + 7*r**2 - 12*r - 11. Give q(i).
-65
Let h(s) = -s**3 - 2*s**2 + 4*s + 3. Let n be 2/((-4 - 1)/10). Let a(v) = 4*v + 13. Let x be a(n). What is h(x)?
0
Let t = 10 - 1. Suppose 6 = -6*k + t*k. Suppose -k*c + 29 = 2*c + 3*j, -j - 7 = -2*c. Let h(b) = -b**3 + 4*b**2 + 5*b - 7. Give h(c).
-7
Let y(f) = 3*f + 6. Let j be (4 - -1)/(-10)*-8. Suppose -l = -6*a + 2*a + 11, 5*a - 1 = -3*l. Suppose 7*g = b + a*g + 4, 0 = -j*b + 2*g - 16. Give y(b).
-6
Let x(h) = 4*h. Let u(f) = 9*f - 1. Let g(k) = -2*u(k) + 5*x(k). Determine g(-4).
-6
Let m = -22 - -27. Suppose 5*f = -m*v, f - 9 = 4*f. Let x(p) = -p**2 + 1. Determine x(v).
-8
Let j(o) = o**2 - 12*o - 2. Let f be j(12). Let i(h) = 6*h + 5. What is i(f)?
-7
Let p be (-1)/(-5)*0/(-50). Let q(u) be the second derivative of 1/2*u**2 + 2/3*u**3 + p - u. What is q(2)?
9
Let i(g) = -g**3 + g**2 - g - 7. Suppose 2*z + 4*p = 0, -z - 3*z = p + 7. Let q be z/2 + -2 + 3. Suppose 2*y + 3*y = q. Calculate i(y).
-7
Let u be 1*(-21)/(-7) - -2. Let a(h) = -h**2 + 3*h - 2. Calculate a(u).
-12
Let z(l) = 6*l**3 - l - 1. Suppose -2*j - 18 = -16, -5*o + 3*j = 2. What is z(o)?
-6
Let v(o) = 240 - 476 - 2*o + o**2 - o**3 + 236. What is v(2)?
-8
Suppose 2 + 10 = 2*n. Let d(r) = -30*r - 14. Let j be d(-7). Let y(l) = j*l + 0*l**2 + l**2 - 201*l. Calculate y(n).
6
Let l(j) = 0*j**2 - 10*j + 3 - 4*j**2 + 9*j + j**3. Give l(4).
-1
Let n(t) = -t**3 + 3*t**2 + 4*t + 3. Let p(y) = y + 12. Let u be p(-8). Calculate n(u).
3
Suppose -45*a + 178 - 43 = 0. Let w(k) = -7*k + 19. Let y(b) = -3*b + 9. Let q(r) = -2*w(r) + 5*y(r). What is q(a)?
4
Let w be (54/(-243))/(5/(-135)*1). Let k(r) be the first derivative of -r**4/4 + 5*r**3/3 + 4*r**2 - 2*r + 1. Calculate k(w).
10
Let l(v) be the second derivative of v**5/20 - 5*v**4/12 - v**3 + 3*v**2 + 5*v. Let s be l(6). Let p(u) = -u - 3 + 2 + 2. Calculate p(s).
-5
Let n(z) = z**3 - 2*z**2 - 3*z - 4. Suppose 88*u = 97*u - 36. Give n(u).
16
Let o(x) = -x**2 - 1. Let s(c) = 3 + 5*c**2 - 6 + 10*c + 2. Let d(h) = 6*o(h) + s(h). What is d(10)?
-7
Let p(n) = 32*n - 7*n - 23*n + 4. Calculate p(-6).
-8
Let l(i) = 12*i**2 + 31*i + 6. Let y(t) = 25*t**2 + 57*t + 11. Let r(a) = -11*l(a) + 6*y(a). Calculate r(-1).
17
Let d(p) = -5*p - 2. Let k(z) = -z + 2. Let m(i) = d(i) - 4*k(i). Let g = -21 + 16. Determine m(g).
-5
Let y = 0 + 1. Let b(i) = i + 2. Calculate b(y).
3
Let p(f) = 27*f + 13. Let g(o) = 40*o + 18. Let c(x) = -5*g(x) + 7*p(x). Give c(-2).
23
Suppose 98 = -208*m + 194*m. Let y(h) = -h**3 - 7*h**2 + 8*h + 7. Calculate y(m).
-49
Let r(n) = 6*n**2 - 5*n + 4. Suppose -227 = -67*f - 26. Determine r(f).
43
Let g(u) be the second derivative of u**3/6 + u**2/2 + 424*u. Calculate g(3).
4
Let d(o) be the second derivative of 5*o**3/6 + 497*o. Determine d(5).
25
Let v(z) = -105*z + 1. Let i(x) = 87*x - 1. Let t(o) = -6*i(o) - 5*v(o). Calculate t(2).
7
Let y(l) = -2*l**3 + l**2 + 3*l - 3. Suppose -2 + 40 = 19*i. Give y(i).
-9
Let v(p) be the first derivative of -4/3*p**3 + p**2 + 1/4*p**4 + 3 - 2*p. What is v(4)?
6
Let a(s) = -4*s**3 + 4*s**2 - 6*s + 10. Let p(n) = -9*n**3 + 7*n**2 - 12*n + 21. Let f(g) = -7*a(g) + 3*p(g). What is f(6)?
-7
Let n(s) = s**2 + 22*s. Let h be n(-22). Let t be (h - -1)*-1 + 1 + -3. Let y(o) = -o**3 - 3*o**2 + o. Give y(t).
-3
Let m(z) = z - 1 + 5 + 2. Suppose 14*c - 15*c = 0. Suppose 3*i - 2*o - 2 + 23 = 0, c = 3*o. Determine m(i).
-1
Let b be (-234)/390*(-5)/3. Let p(k) = -2*k - 3. Let o(w) = w**2 + 2*w + 2. Let v(h) = -4*o(h) - 3*p(h). Give v(b).
-5
Let v be ((-4)/6)/((-6)/45). Let h(t) = t**3 - 6*t**2 + 4*t - 6. Give h(v).
-11
Let t(w) = w**2 - w + 2. Let q(a) = 4*a**2 - 3*a + 5. Let b = 97 - 90. Let k(u) = b*t(u) - 2*q(u). Give k(-5).
-16
Let g = -70 - -66. Let p(m) = m**3 + 6*m**2 + 3*m - 2. Calculate p(g).
18
Let m be (36/(-24))/(3/(-4)). Let g = 63 + -60. Let h(b) = 0*b + b - b**g + b**m + 0 - 5 - 2. Calculate h(0).
-7
Suppose -13 = -16*w - 29. Let k(y) = 5*y**3 + 2*y**2 + y. Give k(w).
-4
Suppose -2*x + 22 = 2*q - 6, -4*q = -4*x - 72. Let m(g) = g**3 - 16*g**2 - g + 22. Calculate m(q).
6
Let q(v) be the first derivative of 3*v**2 - 29*v + 253. Calculate q(6).
7
Let r(v) = -2588 - 14*v - v**2 + 2595 + 0*v**2 + 5*v. Calculate r(-9).
7
Let x(d) = -d. Let f(p) = -11*p. Let a(b) = -f(b) + 6*x(b). Let z(k) = -13*k - 64. Let y be z(-5). Determine a(y).
5
Let v(l) = -l**2 - 31*l + 14. Let r(i) = -i**2 - 47*i + 20. Let n(w) = 5*r(w) - 8*v(w). Determine n(-5).
-2
Let n be -1 + -1 + 6 + 2. Let m(a) = -3*a + 1 + 3*a + n*a - 3*a. Let v(d) = 3*d. Let q be v(-2). Give m(q).
-17
Let f(w) = 13*w**3 + 25*w**2 - 11*w + 11. Let n(t) = 3*t**3 + 6*t**2 - 3*t + 3. Let i(a) = -2*f(a) + 9*n(a). Let p be -10*(-4 + 8 + (-14)/4). Determine i(p).
5
Let p(h) = -3*h**3 + 13*h**2 + 12*h - 5. Let b be p(5). Let k(w) = w**2 - 6*w + 5. Calculate k(b).
0
Let h(m) = 21*m - 6 + 12*m - 38*m - 7. Give h(5).
-38
Let h(n) be the first derivative of n**4/4 - 5*n**3/3 - 3*n**2/2 - 4*n + 54. Calculate h(6).
14
Let b(k) = k**3 - 7*k**2 - 11*k - 2. Let v = -431 - -439. Give b(v).
-26
Let b(d) = d**3 - 2*d**2 - 4*d + 3. Let t = -160 + 80. Let x = t + 82. Give b(x).
-5
Let t(n) = 2*n + 2. Suppose -175 = -29*x - 1045. Let q be (-9 - 2)/((-2)/(-6)). Let m = x - q. Determine t(m).
8
Let v(x) be the third derivative of -1/120*x**6 + 0*x + 1/20*x**5 + 1/24*x**4 + 0 + 0*x**3 - 5*x**2. What is v(4)?
-12
Let z(u) = -u. Let s(n) = -6*n**2 + 39*n + 17. Let v be s(7). Give z(v).
4
Let i(l) = -l**2 + 3*l - 4. Suppose 300*g = 304*g - 12. Determine i(g).
-4
Let h(n) be the third derivative of -n**6/120 + n**5/60 - n**4/24 - n**3/3 + n**2 - 44. Suppose f = -2*f. Calculate h(f).
-2
Let z(m